et a = -16 + 18. Let d(h) = 970*h - 1. Is d(a) a composite number?
True
Let z = 7212 + -3847. Is z prime?
False
Let p = -6142 + 13089. Is p a prime number?
True
Let x(t) = -t**3 - 30*t**2 - 8*t + 29. Let r be x(-28). Is r*(4/(-4))/1 composite?
True
Let p = -1151 + 2058. Is p prime?
True
Let i = -9765 - -27818. Is i prime?
False
Let c(z) = z**3 - 4*z**2 - 4*z - 2. Let h be c(5). Suppose -4*o = -4*l - h*o - 3, 4*o = -3*l + 12. Suppose l = 5*y - 10*y + 665. Is y prime?
False
Let w be 5 - 6 - 88/2. Let z = 44 - w. Is z prime?
True
Let k(i) = i**2 - 2*i + 1. Let c be k(-3). Suppose -4*d = -8*d + c. Suppose 5*f - d*u = 2897, 3*f = -u - 0*u + 1745. Is f composite?
True
Suppose 4*o = o + 18. Let d(k) = -k**3 + 8*k**2 + 9*k. Let i be d(9). Suppose o*p - p - 1255 = i. Is p a composite number?
False
Suppose m + 16 = 2*m. Let q be 3948/m - 3/4. Suppose 5*u - q + 76 = 0. Is u a prime number?
False
Let k = 32 - 30. Suppose 5965 = 3*b + k*b. Is b a composite number?
False
Let k(j) = -3469*j - 31. Is k(-6) prime?
False
Let h = 823 - 645. Is h a composite number?
True
Suppose -10*o + 14*o + 2*c - 159426 = 0, o - 39855 = -2*c. Is o a composite number?
False
Let a be 0/(-5) - (-1 - 2). Suppose -a*x = 4*x - 4928. Suppose -q + 4*q - 2*b - 2097 = 0, b - x = -q. Is q a prime number?
True
Suppose -379 - 233 = -4*b. Let y = b + 806. Is y prime?
False
Let k(y) = 3*y - 21. Let d be k(10). Suppose 2*b - 656 = -j + d, 3*j + b = 1980. Is j prime?
True
Suppose -8*a = 14*a - 220154. Is a a prime number?
True
Let u(i) = i**2 + 13*i - 6. Let w be u(-9). Suppose -o + 1630 = 9*o. Let a = w + o. Is a prime?
False
Suppose -31703 = -7*o - 3248. Suppose 2*k + 2437 = 3*t, 5*t + 8*k = 12*k + o. Is t prime?
True
Is -1*((-87168)/6 + 9) a composite number?
False
Let h(z) = z - 10. Let u be h(12). Suppose -5*b - 3*j + 219 = -2*b, 3*b = u*j + 199. Let k = b + -16. Is k prime?
True
Suppose 16*i + 48536 = 24*i. Is i a prime number?
True
Is (-15386)/(-4) + (-12)/(-24) prime?
True
Suppose -g + 3*g - 1024 = 0. Let j = g + -363. Is j a composite number?
False
Let d = -3 - -4. Let a be (-3)/d*-1 - 6. Is 1 + ((-804)/1)/a prime?
True
Let q(l) = 27*l**2 + l + 13. Let m(a) = a**2 - 1. Let c(y) = 5*m(y) + q(y). Is c(-3) prime?
True
Let c(d) = 4*d**2 - 7*d - 3. Let h be c(-5). Suppose o = z, -z + 2*z - 5 = 0. Suppose h = -o*v + 9*v. Is v a composite number?
True
Suppose -3*h = -6 - 3. Suppose -5*f = h*s + 4, 5 + 3 = 2*s - 2*f. Suppose s*t + k = 79, -3*t - 128 = -7*t + 4*k. Is t prime?
True
Let m(w) = -17*w - 5. Let j be -10 + 2/3*6. Let u be (3/j)/(2/32). Is m(u) a composite number?
False
Let l be (-5)/30*-2 + 14/(-6). Is ((-177)/(-9))/(l/(-12)*1) a composite number?
True
Let n(f) = -258*f**2 + 2*f - 3. Let l(p) = -516*p**2 + 5*p - 6. Let k(d) = 3*l(d) - 5*n(d). Let b be k(3). Is 4/26 + b/(-26) prime?
True
Is 3 + (2193/6)/((-7)/(-140)) a prime number?
False
Suppose 214*q - 216*q = -2056. Let l = 6 - 0. Suppose l*p - 2*p - q = 0. Is p prime?
True
Suppose -8*d = -2825 - 5727. Is d prime?
True
Let q(y) = -2*y**3 + 25*y**2 - 9*y + 23. Is q(-11) a prime number?
False
Suppose 0 = -34*c + 36*c - 2746. Is c prime?
True
Suppose 0 = -5*d - 4*x + 24444 + 21205, -2*x - 8 = 0. Is d a composite number?
False
Let n(j) = -563*j**3 + 2*j + 2. Let p(m) = -2*m**3 + m**2. Let f be p(1). Is n(f) composite?
False
Let z(q) = 55*q - 3. Let j be z(10). Let x = j - -172. Is x composite?
False
Let b(r) = -57*r - 15. Let g be b(-10). Is (-1)/(-6)*2*g prime?
False
Let h(c) = -c**3 - 14*c**2 + 14*c - 19. Let v be h(-15). Is -161*((-8)/(-2))/v a composite number?
True
Suppose -12*v + 4*v = 0. Suppose -4*u + 8*u - 2756 = v. Is u prime?
False
Suppose -46852 + 168660 = 16*g. Is g a prime number?
False
Suppose 26*j - 56*j = -58770. Is j a prime number?
False
Suppose -3*j + 7 = 2*g - 6, 5*g = 4*j + 21. Let x(s) = 2551*s**2 - 3*s + 3. Is x(j) a prime number?
True
Suppose -6*o - y = -3*o - 72062, -4*o = -2*y - 96066. Is o a composite number?
False
Suppose 690667 = 14*t + 9*t. Is t composite?
False
Let r = 4 - -1. Let w(u) = 24*u**2 + 7*u + 1. Let o be w(r). Is o/(-9)*12/(-8) prime?
False
Let b = -23 + 26. Let t(h) = 6*h - 3*h**3 - 55*h**b - 8*h + 3*h**2 - 2. Is t(-3) prime?
True
Let a be 900/27*(-93)/(-2). Suppose -4*c = -a - 38. Is c a prime number?
True
Suppose -v = 3256 - 758. Is (-7)/((-35)/(-15))*v/3 a composite number?
True
Let v = -57479 + 81658. Is v prime?
True
Is (-141 + -767)*((-1)/(-2) + -1) a prime number?
False
Is (-1183 - -2)*(-48 - -37) + 0 composite?
True
Let z(g) = -g + 9. Let w be z(5). Is 2/(8/(-158))*(-10 - w) a prime number?
False
Let g = 1393 + 2196. Is g a prime number?
False
Suppose 2*c - 12 = -c. Let n = 702 + -415. Suppose c*w - n = -55. Is w composite?
True
Let l(k) be the first derivative of 277*k**2/2 + 14*k + 11. Is l(5) a composite number?
False
Let w(u) = -5*u**2 - 14*u + 19. Let g be w(-15). Let s = 1990 + g. Is s a prime number?
False
Let k be (-3)/9 + (-124)/(-12). Let w(s) = 20*s + 11. Let r be w(k). Suppose 2*i - i - r = 0. Is i a prime number?
True
Let n be 16/(-3)*(2 - -1). Is (-5*(151 + -2))/(n - -15) composite?
True
Let p(w) = 1472*w**3 + 2*w**2 - w - 5. Is p(2) a composite number?
False
Is -13 + 10 + (60203 - -9) composite?
False
Is (-2180 + 1)/((-9)/18) prime?
False
Suppose -7 = -2*x + 15. Let g = 15 - x. Suppose 0 = g*u + u - 815. Is u a composite number?
False
Suppose f = -f + 2*q + 1398, -10 = 5*q. Is f a prime number?
False
Let u = 299 - 283. Let d = -9 + 4. Let m = u + d. Is m a prime number?
True
Let h = -168 - -1577. Is h prime?
True
Let u = 132 - 194. Let m(l) = -35*l. Let c be m(-3). Let k = c + u. Is k prime?
True
Suppose -77960 = -45*a + 37*a. Is a a composite number?
True
Let p be 22/33 + (-8890)/(-3). Let c = -1705 + p. Is c composite?
False
Let c(a) = -141*a**3 - 1. Let t be c(1). Let m = 477 + t. Is m a composite number?
True
Let s = -61856 + 97147. Is s composite?
False
Suppose -121*z = -129*z + 41416. Is z a prime number?
False
Suppose -14486 = 2*g - 66168. Is g a composite number?
False
Suppose 2*y = 21 - 11. Suppose 439 = y*t + 144. Is t a prime number?
True
Suppose -1404 = -2*j - 2. Is j a composite number?
False
Suppose -42*k - 3713 = -43*k. Is k composite?
True
Suppose 2*m + 66 = 4*p, -2*m - 23 = 3*p + 50. Suppose -5*k + 2*c + 510 = 0, 2*k + 4*c - 306 = -k. Let j = k + m. Is j prime?
True
Let j be (0 - 8/(-4)) + 7 + 1. Let w(k) = -3 + 6 + 0 + k**2 - 2*k. Is w(j) composite?
False
Let r = -12 + 16. Let q be (4 - 3)*2 - 0. Suppose -y - 97 = -2*w - q*y, -w = r*y - 31. Is w composite?
True
Let v be 130 + ((-9)/27)/((-2)/(-12)). Suppose 37 = 3*a - v. Is a composite?
True
Let i(d) be the first derivative of 31*d**2/2 + 9*d - 15. Is i(4) a prime number?
False
Suppose 0 = 2*p + 2*f + 2, f + 4*f = -2*p - 17. Suppose p*r = 5*g + 7*r + 21, 3*g = -r - 11. Let c = 34 - g. Is c a prime number?
True
Suppose -18*f = -178864 - 123842. Is f a prime number?
False
Suppose -2*a = 2*a + 4*w + 96, 5*a + 170 = 5*w. Let u = -25 - a. Suppose -j = u*z - 1654, -5*j + 2*j + 6 = 0. Is z composite?
True
Let f be (4/3)/((-9)/(-27)). Suppose 0 = f*g - g - 672. Suppose -2*o = 4*x - x - g, o + 2*x = 111. Is o prime?
False
Let a be (8/(-6))/((-24)/108). Suppose 3*p + 3*z = 6*p - a, 5*p - z - 14 = 0. Let q(i) = 24*i**2 - 3*i + 4. Is q(p) prime?
True
Suppose 0 = -51*s + 42*s + 707715. Is s a prime number?
False
Suppose g + 4 = -5*a, g = -3*a + 2*a - 16. Let h be 99/12*1*4. Let c = h + g. Is c prime?
False
Suppose -11*n = -5*y - 15*n + 40719, n - 1 = 0. Is y composite?
True
Let j(t) = 505*t**2 - 29*t - 71. Is j(-3) prime?
True
Let u(z) = -31*z - 170. Is u(-9) a prime number?
True
Let p(r) = -511*r - 317. Is p(-13) composite?
True
Suppose 0 = -3*a + 75 - 3. Let i be ((-2)/(-6))/((-15)/17775). Let j = a - i. Is j a composite number?
False
Suppose 0 = 12*d - 24, 28901 = 5*z - d - 6112. Is z a composite number?
True
Let h(o) = -30*o - 73. Is h(-16) a prime number?
False
Let j(y) = -2*y**3 - 8*y**2 - y - 11. Let f be j(-10). Suppose 2*k - f = -7139. Is 3/15 - k/25 prime?
False
Let t(b) = -15*b - 14. Let f(y) = 29*y + 28. Let m(d) = 4*f(d) + 7*t(d). Is m(5) prime?
False
Let n = -14 + 16. Suppose -k - 4 = -n*k. Suppose -613 = -3*r - k*z, 227 + 4 = r - 4*z. Is r prime?
True
Suppose -5*q - u = u - 17365, 5*q + 5*u = 1